. Let l be r(v). Let x(u) be the first derivative of 7*u**3/3 - u**2/2 - 40465. What is x(l)?
6
Let b(k) = 4*k**2 - 3*k - 3. Let v be 3645/(-25) - ((-55)/(-25) + -2). Let g = 149 + v. Determine b(g).
24
Let l(n) = n**2 + 6*n + 2. Suppose 4*m = 2*x - 3*x - 19, 5*x = -3*m - 27. Let u be (x/1 - -2)/1*-2. Suppose 0 = -u*f + 5 - 15. Calculate l(f).
-3
Suppose -100 = -4*o - 104. Let d(x) be the third derivative of 5/8*x**4 + 2*x**2 + 0 + 0*x + 1/6*x**3. Determine d(o).
-14
Let g = -258 - -261. Let x(o) = -o**2 - 6*o + 4. Let u be x(-6). Let t(b) = -6 + 2 + u*b - 152*b**2 + 151*b**2. Give t(g).
-1
Let m(w) = -3*w + 62. Let n be m(18). Suppose -n*g - 179 = -219. Let h(a) = -3*a + 2 + 2 + 2*a. Determine h(g).
-1
Suppose 0 = -130*g + 180 + 82 - 2. Let q(r) be the third derivative of r**5/20 - 6*r**2. Determine q(g).
12
Let p(j) = -17*j - 17 + j**3 + 9*j + 4*j**2 + 20*j + 4*j**2. What is p(-5)?
-2
Suppose -2*m + 6 + 0 = 0. Suppose 3*h + 2*x - 10 = 0, -4*h + 11 = 2*x + m*x. Suppose -5*z + z - h = 0. Let d(o) = 13*o**2 - o. Calculate d(z).
14
Suppose -3*j - 65 = 5*s - 20, -4*j = 5*s + 55. Let w(p) = -21*p**2 + 2*p - 1. Let r(x) = 43*x**2 + 4*x - 12. Let m(k) = r(k) + 2*w(k). What is m(j)?
6
Let s(y) = y**2 + 4*y - 5. Let f be (7 + -2)*((-30)/5 - -5). Let q be s(f). Let z(m) = 2*m + 2. Let h(b) = b + 3. Let w(k) = 3*h(k) - 2*z(k). Calculate w(q).
5
Let t(j) = j**3 + 30*j**2 + 24*j - 170. Let i be t(-29). Let o(x) = x**3 + 25*x**2 - 8*x - 203. What is o(i)?
-3
Let h(u) be the first derivative of -u**5/20 + u**4/6 + 4*u**3/3 + 75*u - 21. Let a(b) be the first derivative of h(b). Give a(4).
0
Let u be (-5)/((2/6)/(29/(-87))). Let z(c) = 14*c**2 - 39*c**2 - 6*c + 11*c**2 + u + 15*c**2. What is z(6)?
5
Let j(z) = z**3 + 10*z**2 + 11*z - 5. Let v = -1565 - -1557. Calculate j(v).
35
Let u(f) = 11*f**3 - 7*f**2 + 35*f + 30. Let p(t) = 7*t**3 - 4*t**2 + 22*t + 19. Let i(a) = -8*p(a) + 5*u(a). Give i(0).
-2
Let x(w) = -15 - 15 - 11*w + w**2 + 43 + 7*w - 3. What is x(0)?
10
Let m(c) = -c**3 + 44*c**2 - 202*c + 285. Let u be m(39). Let q(t) = 2*t - 35. Calculate q(u).
-11
Let o(s) = 39*s**3 + 6*s**2 + 6*s + 11. Let j(u) = 175*u**3 + 24*u**2 + 24*u + 44. Let t(c) = -2*j(c) + 9*o(c). Calculate t(-6).
-25
Let w be 23 + -23 + 2/1. Let c(r) = 0*r**2 + 0*r**w - r**3 - 3*r**2 + r + 5*r**2 + 3*r. Calculate c(-3).
33
Let i = 2377 - 2372. Let k(u) = 6*u - 10. What is k(i)?
20
Let l = -3058 - -3051. Let n(i) = 6*i**3 + i + 3. Let q(c) = 5*c**3 - c**2 + c + 4. Let p(v) = -6*n(v) + 7*q(v). Determine p(l).
3
Let u(g) = 2*g + 6. Let d(h) = h + 3. Let m(l) = 5*d(l) - 3*u(l). Let o be ((-348)/24 - -13)*4*1. Give m(o).
3
Let a(g) = -g**3 - 7*g**2 + 12*g + 36. Let n = -204 + 196. Calculate a(n).
4
Let g(r) = -r - 4. Let v = 116 + -63. Let j = v + -53. Let p(f) = -f**3 - 2*f**2 - 4. Let q be p(j). Calculate g(q).
0
Let j(m) = -7*m**3 + 30*m**2 - 3*m - 43. Let f(w) = 3*w**3 - 16*w**2 + w + 22. Let o(y) = -5*f(y) - 2*j(y). What is o(20)?
-4
Let b(a) = -17*a**3 + 5*a**2 - 7*a - 11. Let x(f) = -24*f**3 + 7*f**2 - 10*f - 17. Let l(t) = 7*b(t) - 5*x(t). Calculate l(-4).
-60
Let j(u) = -u**3 - 4*u**2 + 4*u - 1. Suppose 16 = -66*n + 82. Determine j(n).
-2
Let u(l) be the first derivative of -l**5/20 - 5*l**4/12 - 5*l**3/6 - l**2/2 + 32*l + 44. Let c(p) be the first derivative of u(p). Give c(-5).
24
Let p(v) = 27*v**2 + 15*v**2 + 2*v + 45523107*v**3 - 45523097*v**3 + 6. Calculate p(-4).
30
Let d(t) = 67*t - 273. Let b(f) = 2*f + 16. Let r(a) = -5*b(a) + d(a). Determine r(6).
-11
Let y(a) = a + 37. Suppose 125*m - 1071 = 179. Give y(m).
47
Let r(i) be the third derivative of -i**6/120 + 3*i**5/10 - i**4/24 + 2*i**3 - 216*i**2. Let w be r(18). Let k(b) = b**3 + 7*b**2 + 6*b - 4. What is k(w)?
-4
Let i(c) be the second derivative of c**5/20 + 5*c**4/12 + c**3 + 2*c**2 + 2*c + 181. Suppose 0*k + 12 = 2*w + 5*k, 0 = w + 3*k - 8. Calculate i(w).
-4
Let z(j) be the second derivative of -1 - 3*j**2 - 107*j - 1/3*j**3. Determine z(-5).
4
Let g(p) = 20 - 2*p - 10 + 0*p + 0 + p. Suppose -5 = 4*o + o, 0 = 3*k + 3*o - 27. What is g(k)?
0
Let f(u) = 12*u + 325. Suppose 35 = 26*t + 84 + 653. What is f(t)?
1
Let d(m) be the second derivative of -3*m**2 + 71*m + 1/12*m**4 + 0 + 2/3*m**3. Give d(-4).
-6
Let w(s) be the third derivative of s**5/60 + 7*s**4/8 - 18*s**3 - 3*s**2 - 295*s - 1. Calculate w(-26).
22
Let j(q) = q**2 - 12*q + 20. Suppose -146*g + 72*g + 50 = -69*g. What is j(g)?
0
Let u(p) = 10*p**3 + 2*p + 3. Let t = 19193 + -19194. Determine u(t).
-9
Let v(i) = i**2 + 4*i + 16. Let z(q) = -2*q - 8. Let c(u) = 2*v(u) + 5*z(u). Let f = 306 + -302. Calculate c(f).
16
Let i(g) be the second derivative of -3*g**5/10 - g**4/2 + 3*g**3/2 + g - 4449. Determine i(2).
-54
Let a(c) = -11*c**2 + 73*c - 35. Let d(b) = 8*b**2 - 49*b + 21. Let m(s) = -5*a(s) - 7*d(s). Give m(-23).
5
Let j(g) = -g - 2. Let a(m) = m**3 + 17*m**2 - 4*m + 27. Let y be a(-17). Let c = 92 - 197. Let h = y + c. Calculate j(h).
8
Let g = -131 + 178. Let q(c) = -8*c - c**3 - g*c**2 + 25*c**2 + 13*c**2 - 9. Give q(-8).
-9
Let g be 2/(2/7) + -23 + 4. Let r(v) = -v**3 - 11*v**2 + 9*v - 5. What is r(g)?
31
Let t(m) be the first derivative of -2*m - 116 + 1/2*m**2. Suppose -5*r + 4 = -26. Give t(r).
4
Let w(u) be the first derivative of u**4/4 + 16*u**3/3 + 11*u**2/2 - 58*u - 3936. Calculate w(-15).
2
Let n(y) = -376*y - 370*y + 754*y + 3. Determine n(-2).
-13
Let m be 17 - (34 - (6 + 7)). Let v(f) = f**2 + 10*f + 10. Give v(m).
-14
Let f(b) = b - 1. Let m be f(5). Suppose 0 = s - 3*g - 882, -s + 593 = -m*g - 294. Let j(t) = 867*t + 7*t**2 - s*t - 6 + t**3. Give j(-7).
-6
Suppose -5*f + 6 = -4*f. Suppose -f*c + 40 = -32. Suppose -8*d + c = -4*d. Let i(b) = b**3 - 6*b**2 + 3*b + 2. What is i(d)?
-16
Let q(c) = -c - 2. Let a(o) = 6*o - 334. Let r be a(56). Let g(u) = -2*u + 1. Let l be g(-2). Suppose l*s + 17 = -3*k, -s = r*s - 3*k + 15. Give q(s).
2
Suppose 6*p - 2*p - 37 = 5*w, -3*w = -p + 18. Let d(q) = 12*q**2 - 11 - 5*q**2 - 4*q + q**p - 6*q. Let o = -4 + -4. Calculate d(o).
5
Let f(v) = -v**2 - 9*v + 62. Let j be 8 + ((-60)/(-18)*-6 - 2). Give f(j).
-8
Let f(k) = 166*k - 389. Let y(d) = 61*d - 130. Let u(i) = -4*f(i) + 11*y(i). Determine u(-24).
-42
Let p(y) = 11*y**3 - 9*y**2 - 9*y + 3. Let w(j) be the first derivative of 5*j**4/4 - 5*j**3/3 - 5*j**2/2 + 2*j + 37. Let x(q) = 3*p(q) - 5*w(q). What is x(-1)?
-9
Let r(w) = -29*w + 4. Let m(d) = 140*d - 23. Let u(b) = 6*m(b) + 29*r(b). Calculate u(-10).
-12
Suppose 2*q + 0*q + 3*f = -15, 0 = q + 4*f + 10. Let o(k) = 328*k - 972*k - 43 + 320*k - 68 + 322*k + 105. Determine o(q).
6
Let k(o) = -17*o**3 - 18*o**2 + 43*o + 155. Let s(g) = 5*g**3 + 6*g**2 - 14*g - 52. Let x(j) = 2*k(j) + 7*s(j). What is x(-7)?
-19
Let d(g) = 1. Let h(m) = -m**2 - 11*m - 20. Suppose 8*f = 367 - 359. Let k(u) = f*h(u) + 2*d(u). Calculate k(-8).
6
Let m(f) = 2*f**3 + 9*f**2 - 20*f - 4. Let u be (2/(-3))/((68/612)/(1 - 0)). Calculate m(u).
8
Let g(a) = a**3 + 3*a**2 + 4*a - 3. Let y(x) = -56*x + 8958. Let o be y(160). Give g(o).
-7
Let a(k) = -k**2 + 18*k. Let c(z) = -12*z**2 + 91*z + 2. Let d(p) = 5*a(p) - c(p). Determine d(-1).
6
Suppose 33*u - 4 = -103. Let v(d) = -d**3 + d**2 + 9*d + 6. Calculate v(u).
15
Let c be -1*(-6 + (-6)/(-2)). Let y(s) = -4 - 28*s**3 - 26*s**c - 27*s**3 + 80*s**3 + 5*s + 2*s**2. Let f be ((-3)/1)/(0 + -1). Give y(f).
2
Suppose -396 = 25*q - 6*q + 25*q. Let s(f) = f**2 - f + 3. Give s(q).
93
Let o(w) = -w**2 - 19*w + 4. Suppose -d + 6*b - 4*b = -10, 3*d + 4*b - 30 = 0. Suppose -19 = -d*j + 11*j. Let p be o(j). Let f(g) = -g + 7. What is f(p)?
3
Let o(n) = -126*n - 7435. Let r be o(-59). Let t(p) be the first derivative of -3*p**2 - 2*p + 6. Give t(r).
4
Let g(f) = -40*f**2 - f + 30. Let v(l) = -87*l**2 + 61. Let b(z) = -13*g(z) + 6*v(z). What is b(3)?
-3
Suppose -18*j + 4*j + 874 = 32*j. Let f(i) = 3*i - 37. Calculate f(j).
20
Suppose 0 = -36*i + 37*i + 3. Let w(m) = -2 + 208*m - m**3 - 3*m**2 - 208*m. Calculate w(i).
-2
Let f(g) = -302*g - 3015. Let c be f(-10). Let l(n) = -8*n + 50. Calculate l(c).
10
Let m = 2058 + -2060. Suppose 0*f + 4*f + r = -1, 30 = 5*f - 5*r. Let q(w) = -f + w - 4*w + 0*w. What is q(m)?
5
Let s(k) = -581*k + 3489. Let q be s(6). Let r(v) be the first derivative of -4